{"id":11,"date":"2026-01-21T12:16:49","date_gmt":"2026-01-21T12:16:49","guid":{"rendered":"https:\/\/go99.com.im\/?page_id=11"},"modified":"2026-04-21T05:55:22","modified_gmt":"2026-04-21T05:55:22","slug":"trang-chu-go99","status":"publish","type":"page","link":"https:\/\/androzan.sa.com\/","title":{"rendered":"Trang ch\u1ee7 Go99"},"content":{"rendered":"\t<div class=\"img has-hover x md-x lg-x y md-y lg-y\" id=\"image_889610370\">\n\t\t\t\t\t\t\t\t<div class=\"img-inner dark\" >\n\t\t\t<img loading=\"lazy\" decoding=\"async\" width=\"1920\" height=\"600\" src=\"https:\/\/androzan.sa.com\/wp-content\/uploads\/2026\/01\/banner-ok.webp\" class=\"attachment-original size-original\" alt=\"banner-go99\" srcset=\"https:\/\/androzan.sa.com\/wp-content\/uploads\/2026\/01\/banner-ok.webp 1920w, https:\/\/androzan.sa.com\/wp-content\/uploads\/2026\/01\/banner-ok-300x94.webp 300w, https:\/\/androzan.sa.com\/wp-content\/uploads\/2026\/01\/banner-ok-1024x320.webp 1024w, https:\/\/androzan.sa.com\/wp-content\/uploads\/2026\/01\/banner-ok-768x240.webp 768w, https:\/\/androzan.sa.com\/wp-content\/uploads\/2026\/01\/banner-ok-1536x480.webp 1536w\" sizes=\"auto, (max-width: 1920px) 100vw, 1920px\" \/>\t\t\t\t\t\t\n\t\t\t\t\t<\/div>\n\t\t\t\t\t\t\t\t\n<style>\n#image_889610370 {\n  width: 100%;\n}\n<\/style>\n\t<\/div>\n\t\n<p>&nbsp;<\/p>\n<h1 style=\"text-align: center;\"><strong>GO99 &#8211; Trang Ch\u1ee7 GO99 Ch\u00ednh Th\u1ee9c | Link \u0110\u0103ng K\u00fd, \u0110\u0103ng Nh\u1eadp &amp; T\u1ea3i App +99K<\/strong><\/h1>\n<p><strong><a href=\"https:\/\/magami.sa.com\/\" target=\"_blank\" rel=\"noopener\">GO99<\/a><\/strong> <strong data-start=\"0\" data-end=\"8\" data-is-only-node=\"\">GO 99<\/strong> \u0111ang n\u1ed5i l\u00ean nh\u01b0 m\u1ed9t trong nh\u1eefng c\u1ed5ng game gi\u1ea3i tr\u00ed tr\u1ef1c tuy\u1ebfn \u0111\u01b0\u1ee3c t\u00ecm ki\u1ebfm nhi\u1ec1u nh\u1ea5t \u0111\u1ea7u n\u0103m 2026, nh\u1edd kh\u1ea3 n\u0103ng c\u00e2n b\u1eb1ng gi\u1eefa t\u1ed1c \u0111\u1ed9, \u0111\u1ed9 tin c\u1eady v\u00e0 tr\u1ea3i nghi\u1ec7m th\u1ef1c t\u1ebf. Theo ghi nh\u1eadn t\u1eeb qu\u00fd I\/2026, GO99 x\u1eed l\u00fd \u0111\u0103ng k\u00fd ch\u1ec9 trong ~45 gi\u00e2y, t\u1ed1c \u0111\u1ed9 n\u1ea1p\/r\u00fat trung b\u00ecnh 3\u20135 ph\u00fat v\u00e0 duy tr\u00ec t\u1ef7 l\u1ec7 giao d\u1ecbch th\u00e0nh c\u00f4ng tr\u00ean 98.4%, \u0111\u00e1p \u1ee9ng t\u1ed1t nhu c\u1ea7u \u201cch\u01a1i nhanh \u2013 r\u00fat g\u1ecdn\u201d c\u1ee7a ng\u01b0\u1eddi d\u00f9ng hi\u1ec7n \u0111\u1ea1i. H\u1ec7 sinh th\u00e1i GO99 hi\u1ec7n \u0111\u00e3 v\u01b0\u1ee3t m\u1ed1c 1.000+ tr\u00f2 ch\u01a1i, t\u00edch h\u1ee3p t\u1eeb casino live, th\u1ec3 thao, slot \u0111\u1ebfn mini game, v\u1edbi RTP ph\u1ed5 bi\u1ebfn dao \u0111\u1ed9ng 96.2%\u201398.7% \u2013 m\u1ee9c kh\u00e1 c\u1ea1nh tranh trong th\u1ecb tr\u01b0\u1eddng. \u0110\u1eb7c bi\u1ec7t, GO99 \u00e1p d\u1ee5ng c\u00f4ng ngh\u1ec7 m\u00e3 h\u00f3a SSL 128-bit c\u00f9ng c\u01a1 ch\u1ebf ki\u1ec3m duy\u1ec7t \u0111a t\u1ea7ng, gi\u00fap b\u1ea3o v\u1ec7 d\u1eef li\u1ec7u v\u00e0 t\u00e0i kho\u1ea3n ng\u01b0\u1eddi ch\u01a1i m\u1ed9t c\u00e1ch an to\u00e0n. V\u1edbi vi\u1ec7c li\u00ean t\u1ee5c c\u1eadp nh\u1eadt link truy c\u1eadp GO99 kh\u00f4ng b\u1ecb ch\u1eb7n m\u1edbi nh\u1ea5t 4\/2026, c\u00f9ng \u01b0u \u0111\u00e3i t\u00e2n th\u1ee7 +99K v\u00e0 h\u1ec7 th\u1ed1ng v\u1eadn h\u00e0nh \u1ed5n \u0111\u1ecbnh, GO99 \u0111ang d\u1ea7n kh\u1eb3ng \u0111\u1ecbnh v\u1ecb th\u1ebf l\u00e0 \u0111i\u1ec3m \u0111\u1ebfn gi\u1ea3i tr\u00ed tr\u1ef1c tuy\u1ebfn \u0111\u00e1ng c\u00e2n nh\u1eafc cho ng\u01b0\u1eddi ch\u01a1i Vi\u1ec7t.<\/p>\n<blockquote><p>Link truy c\u1eadp GO 99 an to\u00e0n &#8211; b\u1ea3o m\u1eadt &#8211; kh\u00f4ng ch\u1eb7n: <strong><a href=\"https:\/\/magami.sa.com\/\" target=\"_blank\" rel=\"noopener\">https:\/\/magami.sa.com\/<\/a><\/strong><\/p><\/blockquote>\n<div class=\"container section-title-container\" ><h2 class=\"section-title section-title-center\"><b><\/b><span class=\"section-title-main\" >FAQ \u2013 C\u00e2u H\u1ecfi Kh\u00e1ch H\u00e0ng Th\u01b0\u1eddng G\u1eb7p V\u1ec1 GO99<\/span><b><\/b><\/h2><\/div>\n<div class=\"accordion\">\n\t<div id=\"accordion-2463569261\" class=\"accordion-item\">\n\t\t<a id=\"accordion-2463569261-label\" class=\"accordion-title plain\" href=\"#accordion-item-go99-l\u00e0-g\u00ec?\" aria-expanded=\"false\" aria-controls=\"accordion-2463569261-content\" >\n\t\t\t<button class=\"toggle\" aria-label=\"Chuy\u1ec3n \u0111\u1ed5i\"><i class=\"icon-angle-down\"><\/i><\/button>\n\t\t\t<span>GO99 l\u00e0 g\u00ec?<\/span>\n\t\t<\/a>\n\t\t<div id=\"accordion-2463569261-content\" class=\"accordion-inner\" aria-labelledby=\"accordion-2463569261-label\" >\n\t\t\t\n<p>GO99 l\u00e0 c\u1ed5ng game tr\u1ef1c tuy\u1ebfn cung c\u1ea5p nhi\u1ec1u tr\u00f2 ch\u01a1i gi\u1ea3i tr\u00ed nh\u01b0 n\u1ed5 h\u0169, game b\u00e0i, b\u1eafn c\u00e1 v\u00e0 mini game \u0111\u1ed5i th\u01b0\u1edfng, cho ph\u00e9p ng\u01b0\u1eddi ch\u01a1i tham gia nhanh ch\u00f3ng tr\u00ean c\u1ea3 m\u00e1y t\u00ednh l\u1eabn \u0111i\u1ec7n tho\u1ea1i.<\/p>\n\t\t<\/div>\n\t<\/div>\n\t\n\t<div id=\"accordion-3347627693\" class=\"accordion-item\">\n\t\t<a id=\"accordion-3347627693-label\" class=\"accordion-title plain\" href=\"#accordion-item-trang-ch\u1ee7-go99-c\u00f3-g\u00ec-n\u1ed5i-b\u1eadt-so-v\u1edbi-c\u00e1c-c\u1ed5ng-game-kh\u00e1c?\" aria-expanded=\"false\" aria-controls=\"accordion-3347627693-content\" >\n\t\t\t<button class=\"toggle\" aria-label=\"Chuy\u1ec3n \u0111\u1ed5i\"><i class=\"icon-angle-down\"><\/i><\/button>\n\t\t\t<span>Trang ch\u1ee7 GO99 c\u00f3 g\u00ec n\u1ed5i b\u1eadt so v\u1edbi c\u00e1c c\u1ed5ng game kh\u00e1c?<\/span>\n\t\t<\/a>\n\t\t<div id=\"accordion-3347627693-content\" class=\"accordion-inner\" aria-labelledby=\"accordion-3347627693-label\" >\n\t\t\t\n<p>Trang ch\u1ee7 GO99 n\u1ed5i b\u1eadt nh\u1edd kho game phong ph\u00fa, giao di\u1ec7n th\u00e2n thi\u1ec7n, t\u1ed1c \u0111\u1ed9 t\u1ea3i nhanh v\u00e0 th\u01b0\u1eddng xuy\u00ean c\u00f3 c\u00e1c ch\u01b0\u01a1ng tr\u00ecnh \u01b0u \u0111\u00e3i d\u00e0nh cho ng\u01b0\u1eddi ch\u01a1i m\u1edbi l\u1eabn th\u00e0nh vi\u00ean l\u00e2u n\u0103m.<\/p>\n\t\t<\/div>\n\t<\/div>\n\t\n\t<div id=\"accordion-3148093519\" class=\"accordion-item\">\n\t\t<a id=\"accordion-3148093519-label\" class=\"accordion-title plain\" href=\"#accordion-item-\u0110\u0103ng-k\u00fd-go99-c\u00f3-nh\u1eadn-\u0111\u01b0\u1ee3c-\u01b0u-\u0111\u00e3i-+99k-kh\u00f4ng?\" aria-expanded=\"false\" aria-controls=\"accordion-3148093519-content\" >\n\t\t\t<button class=\"toggle\" aria-label=\"Chuy\u1ec3n \u0111\u1ed5i\"><i class=\"icon-angle-down\"><\/i><\/button>\n\t\t\t<span>\u0110\u0103ng k\u00fd GO99 c\u00f3 nh\u1eadn \u0111\u01b0\u1ee3c \u01b0u \u0111\u00e3i +99K kh\u00f4ng?<\/span>\n\t\t<\/a>\n\t\t<div id=\"accordion-3148093519-content\" class=\"accordion-inner\" aria-labelledby=\"accordion-3148093519-label\" >\n\t\t\t\n<p>C\u00f3. Khi t\u1ea1o t\u00e0i kho\u1ea3n th\u00e0nh c\u00f4ng t\u1ea1i GO99, ng\u01b0\u1eddi ch\u01a1i th\u01b0\u1eddng nh\u1eadn \u0111\u01b0\u1ee3c <strong data-start=\"1704\" data-end=\"1724\">\u01b0u \u0111\u00e3i t\u1eb7ng +99K<\/strong> ho\u1eb7c c\u00e1c ph\u1ea7n th\u01b0\u1edfng t\u00e2n th\u1ee7 \u0111\u1ec3 tr\u1ea3i nghi\u1ec7m h\u1ec7 th\u1ed1ng tr\u00f2 ch\u01a1i.<\/p>\n\t\t<\/div>\n\t<\/div>\n\t\n\t<div id=\"accordion-4275869029\" class=\"accordion-item\">\n\t\t<a id=\"accordion-4275869029-label\" class=\"accordion-title plain\" href=\"#accordion-item-go99-c\u00f3-h\u1ed7-tr\u1ee3-ch\u01a1i-tr\u00ean-\u0111i\u1ec7n-tho\u1ea1i-kh\u00f4ng?\" aria-expanded=\"false\" aria-controls=\"accordion-4275869029-content\" >\n\t\t\t<button class=\"toggle\" aria-label=\"Chuy\u1ec3n \u0111\u1ed5i\"><i class=\"icon-angle-down\"><\/i><\/button>\n\t\t\t<span>GO99 c\u00f3 h\u1ed7 tr\u1ee3 ch\u01a1i tr\u00ean \u0111i\u1ec7n tho\u1ea1i kh\u00f4ng?<\/span>\n\t\t<\/a>\n\t\t<div id=\"accordion-4275869029-content\" class=\"accordion-inner\" aria-labelledby=\"accordion-4275869029-label\" >\n\t\t\t\n<p>C\u00f3. GO99 \u0111\u01b0\u1ee3c t\u1ed1i \u01b0u t\u1ed1t cho c\u1ea3 tr\u00ecnh duy\u1ec7t di \u0111\u1ed9ng v\u00e0 \u1ee9ng d\u1ee5ng, gi\u00fap ng\u01b0\u1eddi ch\u01a1i tham gia game m\u01b0\u1ee3t m\u00e0 tr\u00ean h\u1ec7 \u0111i\u1ec1u h\u00e0nh Android v\u00e0 iOS.<\/p>\n\t\t<\/div>\n\t<\/div>\n\t\n\t<div id=\"accordion-3481099717\" class=\"accordion-item\">\n\t\t<a id=\"accordion-3481099717-label\" class=\"accordion-title plain\" href=\"#accordion-item-go99-cung-c\u1ea5p-nh\u1eefng-th\u1ec3-lo\u1ea1i-game-n\u00e0o?\" aria-expanded=\"false\" aria-controls=\"accordion-3481099717-content\" >\n\t\t\t<button class=\"toggle\" aria-label=\"Chuy\u1ec3n \u0111\u1ed5i\"><i class=\"icon-angle-down\"><\/i><\/button>\n\t\t\t<span>GO99 cung c\u1ea5p nh\u1eefng th\u1ec3 lo\u1ea1i game n\u00e0o?<\/span>\n\t\t<\/a>\n\t\t<div id=\"accordion-3481099717-content\" class=\"accordion-inner\" aria-labelledby=\"accordion-3481099717-label\" >\n\t\t\t\n<p>N\u1ec1n t\u1ea3ng n\u00e0y cung c\u1ea5p nhi\u1ec1u th\u1ec3 lo\u1ea1i ph\u1ed5 bi\u1ebfn nh\u01b0 game b\u00e0i truy\u1ec1n th\u1ed1ng, slot n\u1ed5 h\u0169, b\u1eafn c\u00e1 \u0111\u1ed5i th\u01b0\u1edfng, mini game v\u00e0 c\u00e1c tr\u00f2 ch\u01a1i gi\u1ea3i tr\u00ed tr\u1ef1c tuy\u1ebfn kh\u00e1c.<\/p>\n\t\t<\/div>\n\t<\/div>\n\t\n\t<div id=\"accordion-1292525323\" class=\"accordion-item\">\n\t\t<a id=\"accordion-1292525323-label\" class=\"accordion-title plain\" href=\"#accordion-item-l\u00e0m-sao-\u0111\u1ec3-truy-c\u1eadp-\u0111\u00fang-link-trang-ch\u1ee7-go99?\" aria-expanded=\"false\" aria-controls=\"accordion-1292525323-content\" >\n\t\t\t<button class=\"toggle\" aria-label=\"Chuy\u1ec3n \u0111\u1ed5i\"><i class=\"icon-angle-down\"><\/i><\/button>\n\t\t\t<span>L\u00e0m sao \u0111\u1ec3 truy c\u1eadp \u0111\u00fang link trang ch\u1ee7 GO99?<\/span>\n\t\t<\/a>\n\t\t<div id=\"accordion-1292525323-content\" class=\"accordion-inner\" aria-labelledby=\"accordion-1292525323-label\" >\n\t\t\t\n<p>Ng\u01b0\u1eddi ch\u01a1i n\u00ean truy c\u1eadp <strong data-start=\"2263\" data-end=\"2297\">link trang ch\u1ee7 GO99 ch\u00ednh th\u1ee9c<\/strong> ho\u1eb7c c\u00e1c \u0111\u01b0\u1eddng d\u1eabn \u0111\u01b0\u1ee3c c\u1eadp nh\u1eadt m\u1edbi nh\u1ea5t \u0111\u1ec3 \u0111\u1ea3m b\u1ea3o an to\u00e0n v\u00e0 tr\u00e1nh c\u00e1c trang web gi\u1ea3 m\u1ea1o.<\/p>\n\t\t<\/div>\n\t<\/div>\n\t\n<\/div>\n","protected":false},"excerpt":{"rendered":"<p>&nbsp; GO99 &#8211; Trang Ch\u1ee7 GO99 Ch\u00ednh Th\u1ee9c | Link \u0110\u0103ng K\u00fd, \u0110\u0103ng Nh\u1eadp &amp; T\u1ea3i App +99K GO99 GO 99 \u0111ang n\u1ed5i l\u00ean nh\u01b0 m\u1ed9t trong nh\u1eefng c\u1ed5ng game gi\u1ea3i tr\u00ed tr\u1ef1c tuy\u1ebfn \u0111\u01b0\u1ee3c t\u00ecm ki\u1ebfm nhi\u1ec1u nh\u1ea5t \u0111\u1ea7u n\u0103m 2026, nh\u1edd kh\u1ea3 n\u0103ng c\u00e2n b\u1eb1ng gi\u1eefa t\u1ed1c \u0111\u1ed9, \u0111\u1ed9 tin c\u1eady v\u00e0 tr\u1ea3i [&#8230;]\n","protected":false},"author":1,"featured_media":32,"parent":0,"menu_order":0,"comment_status":"closed","ping_status":"closed","template":"","meta":{"footnotes":""},"class_list":["post-11","page","type-page","status-publish","has-post-thumbnail","hentry"],"_links":{"self":[{"href":"https:\/\/androzan.sa.com\/index.php\/wp-json\/wp\/v2\/pages\/11","targetHints":{"allow":["GET"]}}],"collection":[{"href":"https:\/\/androzan.sa.com\/index.php\/wp-json\/wp\/v2\/pages"}],"about":[{"href":"https:\/\/androzan.sa.com\/index.php\/wp-json\/wp\/v2\/types\/page"}],"author":[{"embeddable":true,"href":"https:\/\/androzan.sa.com\/index.php\/wp-json\/wp\/v2\/users\/1"}],"replies":[{"embeddable":true,"href":"https:\/\/androzan.sa.com\/index.php\/wp-json\/wp\/v2\/comments?post=11"}],"version-history":[{"count":24,"href":"https:\/\/androzan.sa.com\/index.php\/wp-json\/wp\/v2\/pages\/11\/revisions"}],"predecessor-version":[{"id":66,"href":"https:\/\/androzan.sa.com\/index.php\/wp-json\/wp\/v2\/pages\/11\/revisions\/66"}],"wp:featuredmedia":[{"embeddable":true,"href":"https:\/\/androzan.sa.com\/index.php\/wp-json\/wp\/v2\/media\/32"}],"wp:attachment":[{"href":"https:\/\/androzan.sa.com\/index.php\/wp-json\/wp\/v2\/media?parent=11"}],"curies":[{"name":"wp","href":"https:\/\/api.w.org\/{rel}","templated":true}]}}